0. What is the remainder when c is divided by w?
5
Suppose -h - 55 = -r, 0 = 3*r + 5*h - 40 - 101. What is the remainder when 151 is divided by r?
47
Calculate the remainder when 48 is divided by (3 - 190/(-8)) + (-9)/12.
22
Suppose 0 = 2*p - 4*d - 48, 2*d = 3*p - 0*d - 68. Calculate the remainder when 109 is divided by p.
21
Let k(n) = -9*n - 14*n - 2*n. Let u = -7 - -16. Calculate the remainder when k(-1) is divided by u.
7
Let f = 166 - 89. What is the remainder when f is divided by 20?
17
Suppose -59*z = -54*z - 390. Calculate the remainder when z is divided by 20.
18
What is the remainder when 102 is divided by (1 + 4)*(-104)/(-20)?
24
Let s(d) = 10*d. Let k be (-1)/(2*(-1)/2). What is the remainder when 29 is divided by s(k)?
9
Suppose 4*s = 2*a - 140, -2*a = -6*a + 5*s + 271. What is the remainder when a is divided by 26?
12
Suppose -7 = -r - 0*r. What is the remainder when 1 + (-3*4)/(-1) is divided by r?
6
Let b be 3/12 + 14/8. Suppose b*h = 4*h - 4. Calculate the remainder when -1 - (-2 - 6) - h is divided by 3.
2
What is the remainder when 8 is divided by (-1)/(14/5 + -3)?
3
Let s = -35 - -40. What is the remainder when 14 is divided by s?
4
Suppose -c + p = 0, -3*c - 5*p + p = 0. Let h be -1 + 1 - (-1 - c). Let m(a) = 8*a**3 + a - 1. Calculate the remainder when 22 is divided by m(h).
6
Suppose 3*m - 26 = m. Suppose -5*j + 14 = -3*j. What is the remainder when m is divided by j?
6
Let k(c) = 27*c + 1. Let u be k(-1). Let x = u - -44. Calculate the remainder when x is divided by 2/(-8) - (-164)/16.
8
Let w = -19 + 70. What is the remainder when w is divided by 9?
6
Let o(i) = i**2 - i - 2. Suppose 3*b - 6 - 93 = 0. What is the remainder when b is divided by o(5)?
15
Suppose -5*n + 4*a = -n - 260, -3*n + 210 = 2*a. Suppose 5*p = 9*p - n. Calculate the remainder when 33 is divided by p.
16
Suppose -3*g - 2*g - 545 = 0. Calculate the remainder when (-1)/(-5) - g/5 is divided by 6.
4
Suppose -5*x + 2 = 2*b - 12, -b = -x. Let c(m) = m - 3. Let k be c(4). Let r = k + b. What is the remainder when r is divided by 2?
1
Let z(f) = -f**3 + 4*f**2 - 5*f + 4. Let a be z(3). Let g(c) = 5*c**2 + 2*c + 1. Calculate the remainder when 32 is divided by g(a).
15
Let m(t) = -29*t**3 - 2*t**2 - 3*t - 2. What is the remainder when 109 is divided by m(-1)?
25
Let g(p) = 23*p**2 + 2*p - 1. Let f be g(3). Suppose 0 = -3*z + 91 + f. Calculate the remainder when z is divided by 26.
23
What is the remainder when (-4)/14 - (2442/(-7))/3 is divided by 9?
8
Suppose 3*b = 4*b - 4. What is the remainder when -4*(-2 - (-4)/8) is divided by b?
2
Let a = -6 + 11. Suppose -y + 23 = a. Suppose -3*v - 4*k + y = -k, 4*k = 4*v - 8. Calculate the remainder when 6 is divided by v.
2
Let g(l) = -l + 18. Let j be (0/(-3) - 3)/(-1). Suppose 3*q + q - i - 36 = 0, 4*i - 8 = -j*q. What is the remainder when 28 is divided by g(q)?
8
Let w(j) = -2*j - 3. Suppose 0*n = 4*n + 4, 2*l - 2*n = 54. Calculate the remainder when l is divided by w(-5).
5
Suppose -5*z = -5*y + 90, 7*y - 3*y + 3*z = 37. Let q = y + -3. Calculate the remainder when q is divided by 4.
2
Let g = -29 - -124. Suppose g = 5*z - 4*x, 3*x - 5*x = -2*z + 38. Calculate the remainder when 53 is divided by z.
15
Let n = -13 + 22. Suppose 2*y - n = y. What is the remainder when 16 is divided by y?
7
Suppose d + 161 = -i + 3*i, -2*d - 6 = 0. Calculate the remainder when i is divided by 8.
7
Let k(d) = -17*d**3. Calculate the remainder when 65 is divided by k(-1).
14
Let h be ((-12)/(-10))/(3/10). Let j(y) = 14*y + 3. Let b be j(h). Suppose 0 = -p - 0*p + b. Calculate the remainder when p is divided by 20.
19
Let v(k) = k**2 + 10*k - 9. Let s = 14 + -10. What is the remainder when s is divided by v(-11)?
0
Let m(b) = -b**3 - b + 6. Let l be m(0). Suppose j - l*j = 45. Let k = j + 16. Calculate the remainder when k is divided by 4.
3
Let l(i) = -12*i + 1. Calculate the remainder when 36 is divided by l(-1).
10
Suppose x + 2*u - 1 - 12 = 0, 4*x + 2*u = 22. Calculate the remainder when x is divided by 0 + (-2 + 14)/4.
0
Suppose -u = -0 - 3. Let y = -7 + 11. Let h = y - u. What is the remainder when 1 is divided by h?
0
Suppose b + 7 = -1. Let f = b - -16. What is the remainder when 15 is divided by f?
7
Let o = -9 - -23. Suppose -5*b = -1 - o. Suppose -3*i - 7 = -2*k - 61, b*i = -k + 63. Calculate the remainder when 59 is divided by i.
19
Let k be (-32)/(-6) - (-2)/(-6). What is the remainder when 4/k*(20 + 0) is divided by (25/10 - 4)/((-2)/8)?
4
Let n = -34 + 94. Suppose -2*d - n = -2*m, m + 6*d - d = 48. Calculate the remainder when m is divided by 17.
16
Let z = 40 + -23. What is the remainder when 66 is divided by z?
15
Suppose -f - 4*t = -6 + 21, 5*t = -5*f - 15. Let g = 3 - f. Calculate the remainder when 2 is divided by g.
0
Let l = 21 + -19. Suppose 5*d + 5*c = d + 24, 2*c = -3*d + 11. What is the remainder when 28/8 + l/(-4) is divided by d?
0
Let u(t) be the second derivative of t**4/12 - t**3/3 - t**2 + 2*t. Calculate the remainder when u(6) is divided by 6.
4
Let m(f) = f**3 + 7*f**2 - 7*f - 14. Calculate the remainder when m(-7) is divided by 6.
5
Let j = -45 + 53. Calculate the remainder when 10 is divided by j.
2
Suppose 0*u + 2*u - 34 = 0. Calculate the remainder when u is divided by 4.
1
Suppose -m = -5*o + 76, -3*o + 2*m - m = -44. Suppose u + 3*u - 248 = 0. What is the remainder when u is divided by o?
14
Let m(d) = -d + 23. Let k be m(16). Let t(y) = y**3 - 7*y**2 + 5*y - 6. What is the remainder when 56 is divided by t(k)?
27
Let l = 22 - 7. Calculate the remainder when l is divided by 4.
3
Let z(h) be the second derivative of h**4/12 + 5*h**3/6 + 2*h**2 + h. What is the remainder when 35 is divided by z(-7)?
17
Suppose 6 = -2*c + 4*c. Let x be 6/(-8)*(-12)/c. Suppose -20 = -x*w + 37. What is the remainder when w is divided by 10?
9
Suppose -5*s + 360 = -s. Let m = s + -31. Suppose -v = -0*v - 2*q - 9, -v = 5*q - 30. What is the remainder when m is divided by v?
14
Suppose -y = -4*y + 6. Suppose -y*r + 5*z - 5 = 0, -9 = -r - 2*z + 2. What is the remainder when 8 is divided by r?
3
Let k = -3 + 7. Let r = 11 + k. Suppose 3*y - y = 86. What is the remainder when y is divided by r?
13
Suppose -3*v - t + 8 = 0, 4*v + 2 = -3*t + 6. What is the remainder when 21 is divided by v?
1
Suppose -4*y = 4*l - 36, -2*l = -5*y - 0*l + 10. What is the remainder when 0 + (1 - 0) + 17 is divided by y?
2
Suppose 3*t - 25 = 2*t. What is the remainder when t is divided by -7*-18*(-5)/(-70)?
7
Let f(t) = -t**3 - t**2 - t - 1. Calculate the remainder when f(-4) is divided by 18.
15
Suppose 5*d = -y - 1, 7*y - 2*y + 5 = -5*d. Let u = y + 5. What is the remainder when 10 is divided by u?
2
Let f be ((-4)/6)/(2/(-12)). Let j = f + -1. What is the remainder when 16/56 - (-52)/14 is divided by j?
1
Calculate the remainder when 158 is divided by ((-27)/(-36))/((-1)/(-24)).
14
Let l be (2/3)/((-2)/(-15)). Suppose 6 = -2*r - r, l*p - 4*r = 18. Suppose -p*z - 2*q + 16 = 3*q, -4*z = -5*q - 2. What is the remainder when z is divided by 2?
1
Let c be 152/12*9/(-6). Let w = 1 - c. Calculate the remainder when 78 is divided by w.
18
Let u be 4*4*(-12)/(-8). Let q = u - 15. Suppose 3*w = -16 + 91. What is the remainder when w is divided by q?
7
Let y = 53 + -25. What is the remainder when 109 is divided by y?
25
Let k(n) = n**2 + 5*n + n - n - 5. Let x(m) = m - 1. Let j be x(-6). What is the remainder when 26 is divided by k(j)?
8
Suppose 2*s - 174 = 5*j, 3*s - 292 = -s - 4*j. What is the remainder when s is divided by 16?
13
Let u = 21 - 11. Suppose 1 = 4*m + 2*n - 143, 3*m = 5*n + 121. What is the remainder when m is divided by u?
7
Let o(i) = -13*i**3 - i**2 + 1. What is the remainder when o(-1) is divided by (-2 - -3)*1*4?
1
Suppose 0 = -0*c + 3*c - 33. What is the remainder when 30 is divided by c?
8
Suppose r = -0*r + 5, 0 = -5*o + 3*r + 330. Calculate the remainder when o is divided by 4/(6*4/108).
15
Suppose 23 = 2*r - 33. Let u(o) = -16*o**3 + o. Let t be u(-1). Suppose t = -0*g + g. What is the remainder when r is divided by g?
13
Let m be 5*(-6*1)/((-10)/2). Suppose -4*i = -o - 2*i + 2, -4*i - 16 = 0. What is the remainder when m*(-2)/(o/31) is divided by 16?
14
Suppose 2 = -3*x + 17. What is the remainder when 19 is divided by